-29*k + 30*k + 5*s - 6. Calculate the remainder when k is divided by q.
9
Let m(i) = 32*i + 101. What is the remainder when 491 is divided by m(-3)?
1
Let s(f) = f**3 + 11*f**2 + 21*f - 13. Calculate the remainder when 56 is divided by s(-5).
24
Let j = -35 + 23. Let t = -11 - j. Calculate the remainder when 6 is divided by t.
0
Let b = -790 + 809. What is the remainder when 189 is divided by b?
18
Suppose 1352*r - 1346*r - 132 = 0. Calculate the remainder when 56 is divided by r.
12
Let w(t) = -8*t - 3. Suppose -4*c + 29*r - 31*r = -68, 0 = 4*c - 2*r - 100. What is the remainder when w(-5) is divided by c?
16
What is the remainder when (84/18)/7 - 436/(-12) is divided by 26?
11
Let v = 90 + -30. Suppose 0*q = 4*q - v. What is the remainder when q is divided by 9?
6
Let v = -82 + 125. Calculate the remainder when 46 is divided by v.
3
Let m be (4*72 - 0) + -3. Suppose -7*d = -m + 75. Let f = -17 - -28. What is the remainder when d is divided by f?
8
Suppose 7*c + 20 = 12*c. Suppose c*k - 230 = 270. What is the remainder when k is divided by 14?
13
Suppose -s + 9*t = 4*t + 18, 5*s = -4*t + 55. Let u = -3 + 2. What is the remainder when 19 + u*(-4 + 5) is divided by s?
4
Let z(k) = -k**2 - 2 + 0 - 5 + 3*k**2 + 8*k. Let d be z(-5). Suppose 5*w + 3*n = 17, 3*w + 1 = -d*n + 10. What is the remainder when 5 is divided by w?
1
Let o = -751 - -754. Suppose -5*t - 5*c = -30, -2*c + 5 = -1. Suppose -5*k + 5 + 35 = 5*d, 38 = t*k - 4*d. Calculate the remainder when k is divided by o.
1
Let i = 336 - 277. Calculate the remainder when i is divided by 12.
11
Let m(w) = -w**2 + 7*w + 7. Let k = -35 + 40. Calculate the remainder when m(k) is divided by 8.
1
Let l = -88 - -150. Let a = 140 - 46. Let o = a - l. Calculate the remainder when o is divided by 17.
15
Suppose 0 = 3*v - 39 - 21. Let a = 37 + v. Calculate the remainder when a is divided by 29.
28
Let q be -1 + (98 - 30/(-6)). Suppose -f + 5*c + 31 = -17, -3*f + c + q = 0. What is the remainder when f is divided by 7?
5
Suppose 0 = 14*g + 115 + 53. Let f = -32 - -16. Calculate the remainder when 15 is divided by f/g - 60/(-9).
7
Suppose -84 = -17*k + 5*k. What is the remainder when 66 is divided by k?
3
Suppose -3*i = 5*j - 175, 7*j - 3*i = 2*j + 175. What is the remainder when j is divided by 9?
8
Suppose -6*y + 3*m + 236 = -5*y, 2*y - 473 = 5*m. What is the remainder when y is divided by 27?
23
Suppose 65 = 4*n - 5*x, -3*x = -n - n + 33. Calculate the remainder when 73 is divided by n.
13
Let i = -80 + 154. Suppose 0 = -i*v + 72*v + 82. Calculate the remainder when 157 is divided by v.
34
Let r = 96 - 84. Suppose -4*p + w = -6, 5*w - r = -4*p + 9*w. Calculate the remainder when 2 is divided by p.
0
Let s be (-7)/(-35) - 4/(-5). Suppose n - s - 14 = 0. Let a = -36 + 93. Calculate the remainder when a is divided by n.
12
What is the remainder when 68 is divided by (-3)/12 - (-255)/12?
5
Let s = 56 - 34. What is the remainder when s is divided by (140/(-8))/(-7)*2?
2
Suppose 5*q - 108 = -18. Suppose j - 320 = -3*c, 31*c + j - 425 = 27*c. Calculate the remainder when c is divided by q.
15
Suppose 0 = -0*s - 5*s + 155. What is the remainder when s is divided by 8?
7
Let g be 3/(6/32*5/15). Calculate the remainder when 280/6 + (-80)/g is divided by 10.
5
Let q = 183 + -196. Let b(r) = r**2 + 13*r + 27. Let u(n) = 3*n**2 + 2*n - 2. Calculate the remainder when b(q) is divided by u(-2).
3
Let n(j) = -j**2 - j + 3. Let d be n(3). What is the remainder when (-2)/d - (-2128)/63 is divided by 12?
10
Let f = 0 - -16. Let c = 911 - 888. What is the remainder when c is divided by f?
7
Let f(k) be the second derivative of k**3/6 + 17*k**2/2 + 8*k. Calculate the remainder when 8 is divided by f(-14).
2
Let h = 4 - -1. Suppose -p + n + 9 = 0, n = -3*p + 2 + h. Suppose q - 2*k = -p*k + 63, 4*k = -8. What is the remainder when q is divided by 17?
16
Let l = -398 - -445. Calculate the remainder when l is divided by 28.
19
Let x(a) = 6*a - 3. Let h(c) be the first derivative of -2*c**2 - 27*c + 6. Calculate the remainder when h(-11) is divided by x(2).
8
Suppose -u - t + 33 = 2, -2*t + 122 = 4*u. What is the remainder when 116 is divided by u?
26
Suppose 2*i + 12 = 3*j - 179, 5*i = -4*j + 224. What is the remainder when 171 is divided by j?
49
Suppose -14 = -2*y + 8. Suppose -4*m + k = 0, -23 = -3*m - 0*m - 5*k. Calculate the remainder when y is divided by (-8)/(-24)*m*9.
2
Let a = -717 + 845. Calculate the remainder when a is divided by 46.
36
Suppose 39 = h + s, 2*h - 31 - 75 = 5*s. What is the remainder when 297 is divided by h?
39
Suppose -5*g = -24*k + 29*k - 170, -149 = -5*g + 2*k. What is the remainder when g is divided by 16?
15
Suppose -4*n + 2*f + 2*f = 12, 3*n = -3*f + 21. Calculate the remainder when 4/n*453/6 is divided by 17.
15
Suppose 2*q = q + 111. Suppose 3*o - d = 84, 7*o - 3*o - d - q = 0. Calculate the remainder when o is divided by 11 - 1*(-1 + -2).
13
Let z = -59 - -109. Suppose -z*s = -51*s + 15. Calculate the remainder when 25 is divided by s.
10
Suppose -2*n + 4 = n - t, 0 = -4*n + t + 7. Calculate the remainder when 13 is divided by 1*(n + 2) + 4.
4
Let p(k) = k**2 - 5*k - 4. Let y be p(6). Let h be (3 - -2)/(y/2). Suppose -24 - 4 = -2*j - 4*v, h*v = -5*j + 90. What is the remainder when j is divided by 12?
10
Let o = -7 + 13. Let a = 11 + -11. Suppose 5*l + 31 = 3*u + 3*l, a = u + 2*l - 13. What is the remainder when u is divided by o?
5
Let w = 671 + -245. Calculate the remainder when w is divided by 110.
96
Suppose 4*z = -k + 199, -5*k + 38 - 243 = -4*z. Suppose -2*g + 3*g = 23. Let h = 40 - g. Calculate the remainder when z is divided by h.
16
What is the remainder when 104 is divided by (14/6 - 3)/((-8)/432)?
32
Let x(b) = -b**3 + 5*b**2 + 3*b. Let d(m) = -3*m + 3. Let y be d(-4). Let g = y + -10. Calculate the remainder when x(g) is divided by 4.
3
Suppose 2*i - 19 = 5*l, 3*i = -0*l - 3*l - 3. Let d = l + 4. Let n = 17 - d. Calculate the remainder when 45 is divided by n.
13
Suppose 48*c = 38*c + 180. What is the remainder when 88 is divided by c?
16
Let j = 106 + -63. Calculate the remainder when 214 is divided by j.
42
Suppose 3*c + 4*o = -28 - 13, -c + 3 = -2*o. Let p(m) = m**2 + 7*m - 6. Let y be p(c). What is the remainder when 12 is divided by -1*14/12*y?
5
Let m(a) = -a**3 - 2*a - 2. Let r be m(0). What is the remainder when 39 is divided by 7/((3/(-3))/r)?
11
Suppose -5*g = -8*g + 6. Suppose 0*n - 8 = -g*n, 0 = 4*m + 3*n - 92. Calculate the remainder when 36 is divided by m.
16
Let r(j) = -3*j + 46. What is the remainder when r(-39) is divided by 56?
51
Let h(p) = 4*p**2 + 9*p - 80. Let g(l) = l**2 + 2*l - 20. Let k(u) = -9*g(u) + 2*h(u). Calculate the remainder when 59 is divided by k(0).
19
Suppose -11*v - 152 = 222. Let r = 38 + v. What is the remainder when 9 is divided by r?
1
Calculate the remainder when 47 is divided by 10/(-2) + 43 + -12.
21
What is the remainder when (34/(-51))/(4/18)*-514 is divided by 103?
100
Let r = 263 - 190. What is the remainder when r is divided by 13?
8
Suppose -5*h + 2 = 22, -2*y - 46 = -5*h. Let f = y - -39. Calculate the remainder when f is divided by 6.
0
Suppose 6 = 2*t + 24. Let k = t - -12. What is the remainder when (130/15)/(2/k) is divided by 7?
6
Let j(i) = i. Let r be j(3). Calculate the remainder when 42 is divided by ((-63)/14)/(r/(-10)).
12
Let q(z) be the first derivative of -3*z**2/2 - 17*z - 2. Let g be q(-7). Suppose 7 = -r + g*j, 0 = -4*j + 12. What is the remainder when r is divided by 2?
1
Let i = 176 - 158. What is the remainder when 140 is divided by i?
14
Let i(v) = -v**3 + 8*v**2 - 5*v + 12. Let s be i(8). Let c = s - -62. Let q = -13 + 22. What is the remainder when c is divided by q?
7
Let d(g) be the first derivative of -g**3/3 + 7*g**2/2 + g - 5. Let v be d(8). Let j(c) = -3*c. Calculate the remainder when 82 is divided by j(v).
19
Suppose -5*u - 4*n + 3185 = 0, 5*u - 3*u = -5*n + 1274. What is the remainder when u is divided by 107?
102
Let s(t) be the first derivative of 3*t**3 - t**2 - 4*t - 11. Let v be s(-3). Let o = 120 - v. Calculate the remainder when 146 is divided by o.
35
Let w(b) = 102*b - 174. What is the remainder when w(12) is divided by 62?
58
Let g be 24/15*(2 - -3). Suppose 3*j = g*j - 80. What is